ivided by 28.
25
What is the remainder when 5352 is divided by 909?
807
What is the remainder when 134587 is divided by 44853?
28
What is the remainder when 42412 is divided by 10594?
36
What is the remainder when 168332 is divided by 126?
122
Calculate the remainder when 7973 is divided by 886.
885
What is the remainder when 30554 is divided by 10029?
467
What is the remainder when 10221 is divided by 3407?
0
What is the remainder when 79285 is divided by 53?
50
What is the remainder when 643859 is divided by 146?
145
Calculate the remainder when 769413 is divided by 14248.
21
Calculate the remainder when 135522 is divided by 67758.
6
Calculate the remainder when 107093 is divided by 13.
12
What is the remainder when 15472 is divided by 1809?
1000
What is the remainder when 109958 is divided by 148?
142
Calculate the remainder when 10063 is divided by 2010.
13
Calculate the remainder when 10067 is divided by 65.
57
Calculate the remainder when 8189 is divided by 340.
29
What is the remainder when 2435 is divided by 10?
5
Calculate the remainder when 26609 is divided by 13289.
31
Calculate the remainder when 47320 is divided by 6760.
0
What is the remainder when 39707 is divided by 584?
579
What is the remainder when 5179 is divided by 1721?
16
What is the remainder when 1504 is divided by 1300?
204
Calculate the remainder when 4895 is divided by 73.
4
Calculate the remainder when 3425 is divided by 86.
71
What is the remainder when 84034 is divided by 786?
718
Calculate the remainder when 11590 is divided by 232.
222
What is the remainder when 94260 is divided by 67?
58
What is the remainder when 28014 is divided by 685?
614
What is the remainder when 395111 is divided by 1909?
1857
What is the remainder when 12958 is divided by 3235?
18
Calculate the remainder when 6302 is divided by 328.
70
What is the remainder when 95632 is divided by 1328?
16
Calculate the remainder when 1109 is divided by 117.
56
What is the remainder when 14619 is divided by 103?
96
What is the remainder when 219076 is divided by 2282?
4
What is the remainder when 18486 is divided by 203?
13
Calculate the remainder when 230879 is divided by 67.
64
Calculate the remainder when 96413 is divided by 32131.
20
Calculate the remainder when 27570 is divided by 452.
450
What is the remainder when 41027 is divided by 22?
19
Calculate the remainder when 55680 is divided by 11112.
120
Calculate the remainder when 5686 is divided by 5683.
3
Calculate the remainder when 137092 is divided by 6229.
54
What is the remainder when 937 is divided by 306?
19
Calculate the remainder when 6905 is divided by 862.
9
What is the remainder when 26723 is divided by 1904?
67
Calculate the remainder when 17551 is divided by 1245.
121
Calculate the remainder when 536926 is divided by 228.
214
What is the remainder when 8673 is divided by 8203?
470
Calculate the remainder when 173899 is divided by 3.
1
Calculate the remainder when 73139 is divided by 21.
17
Calculate the remainder when 12321 is divided by 474.
471
What is the remainder when 108445 is divided by 27111?
1
What is the remainder when 1209396 is divided by 10?
6
Calculate the remainder when 18834 is divided by 3101.
228
Calculate the remainder when 134673 is divided by 18.
15
Calculate the remainder when 7818 is divided by 279.
6
What is the remainder when 3508 is divided by 146?
4
Calculate the remainder when 5575 is divided by 36.
31
Calculate the remainder when 2269 is divided by 35.
29
Calculate the remainder when 414483 is divided by 93.
75
Calculate the remainder when 2879406 is divided by 519.
513
What is the remainder when 32160 is divided by 144?
48
What is the remainder when 516777 is divided by 162?
159
What is the remainder when 2610 is divided by 1300?
10
What is the remainder when 16154 is divided by 5249?
407
What is the remainder when 4338 is divided by 118?
90
What is the remainder when 153476 is divided by 167?
3
Calculate the remainder when 118329 is divided by 59147.
35
Calculate the remainder when 798 is divided by 29.
15
Calculate the remainder when 16301 is divided by 5302.
395
Calculate the remainder when 35067 is divided by 7.
4
Calculate the remainder when 12465 is divided by 734.
721
What is the remainder when 3418 is divided by 156?
142
Calculate the remainder when 857341 is divided by 29.
14
What is the remainder when 54817 is divided by 731?
723
What is the remainder when 1880 is divided by 9?
8
Calculate the remainder when 3138 is divided by 639.
582
What is the remainder when 4837 is divided by 1134?
301
Calculate the remainder when 506593 is divided by 1729.
1725
What is the remainder when 14171 is divided by 245?
206
Calculate the remainder when 12203 is divided by 3021.
119
What is the remainder when 9913 is divided by 104?
33
What is the remainder when 2158418 is divided by 61?
55
What is the remainder when 8409 is divided by 2796?
21
What is the remainder when 5640 is divided by 2794?
52
What is the remainder when 6436 is divided by 201?
4
Calculate the remainder when 13446 is divided by 4479.
9
Calculate the remainder when 40225 is divided by 21.
10
What is the remainder when 6819 is divided by 1334?
149
What is the remainder when 1508 is divided by 680?
148
What is the remainder when 53655 is divided by 142?
121
What is the remainder when 56182 is divided by 56128?
54
What is the remainder when 105170 is divided by 3626?
16
Calculate the remainder when 53015 is divided by 1155.
1040
Calculate the remainder when 10621 is divided by 226.
225
What is the remainder when 33102 is divided by 1141?
13
What is the remainder when 5748 is divided by 480?
468
What is the remainder when 9469 is divided by 48?
13
What is the remainder when 13990 is divided by 97?
22
What is the remainder when 31136 is divided by 163?
3
Calculate the remainder when 27637 is divided by 432.
421
Calculate the remainder when 7268 is divided by 1208.
20
Calculate the remainder when 29405 is divided by 29377.
28
What is the remainder when 37264 is divided by 77?
73
What is the remainder when 18737 is divided by 284?
277
What is the remainder when 15287 is divided by 8?
7
Calculate the remainder when 41330 is divided by 459.
20
Calculate the remainder when 2222 is divided by 61.
26
Calculate the remainder when 16040 is divided by 2812.
1980
What is the remainder when 141162 is divided by 636?
606
Calculate the remainder when 1089687 is divided by 99.
93
What is the remainder when 17228715 is divided by 1278?
1275
Calculate the remainder when 1428037 is divided by 66.
61
What is the remainder when 88325 is divided by 9812?
17
Calculate the remainder when 13060 is divided by 27.
19
What is the remainder when 284398 is divided by 632?
630
What is the remainder when 110 is divided by 93?
17
What is the remainder when 30506 is divided by 10?
6
What is the remainder when 5925 is divided by 152?
149
Calculate the remainder when 24470 is divided by 4743.
755
Calculate the remainder when 11201 is divided by 318.
71
Calculate the remainder when 15703 is divided by 154.
149
What is the remainder when 278419 is divided by 429?
427
What is the remainder when 10192 is divided by 200?
192
Calculate the remainder when 421 is divided by 46.
7
What is the remainder when 3267 is divided by 458?
61
What is the remainder when 3086 is divided by 51?
26
Calculate the remainder when 7055 is divided by 371.
6
What is the remainder when 870 is divided by 3?
0
What is the remainder when 3118 is divided by 346?
4
What is the remainder when 8497 is divided by 142?
119
What is the remainder when 11883 is divided by 3732?
687
What is the remainder when 151219 is divided by 976?
915
Calculate the remainder when 76168 is divided by 91.
1
What is the remainder when 277458 is divided by 1055?
1048
Calculate the remainder when 266505 is divided by 4.
1
Calculate the remainder when 2726 is divided by 2723.
3
Calculate the remainder when 1887 is divided by 565.
192
Calculate the remainder when 14905 is divided by 216.
1
Calculate the remainder when 3354 is divided by 59.
50
What is the remainder when 6793 is divided by 52?
33
Calculate the remainder when 212571 is divided by 70856.
3
Calculate the remainder when 39300 is divided by 378.
366
What is the remainder when 